 factors of (-3)/(-21) - (-137579)/91.
2, 3, 7
Suppose 319*z - 318*z = 438. What are the prime factors of z?
2, 3, 73
Let f be (-23)/(-6) + ((-50)/(-12) - 4). Suppose -4*m - f*y + 364 = 0, 2 = -5*y - 3. List the prime factors of m.
2, 23
Let w be 7/(-35) - 32/(-10). Suppose 0 = -3*i + b + 12, -b - w = -i - 1. List the prime factors of i.
5
Suppose -127 = x - 137. List the prime factors of x.
2, 5
Suppose 13*x - 3*x = 1650. List the prime factors of x.
3, 5, 11
Let v = 38 - 41. List the prime factors of ((-2)/(-5))/((-824)/275 - v).
2, 5, 11
Suppose 3*v - 9*v = 60. Let x = v - -4. Let u(i) = -7*i + 6. List the prime factors of u(x).
2, 3
Suppose 6681 = 29*p - 8196. List the prime factors of p.
3, 19
Let h(v) = v**2 - 5*v - 2. Let g be h(8). Let c be 4/g + (-35)/11. List the prime factors of c*8*(-2)/2.
2, 3
Suppose -11*h + 11375 - 859 = 0. What are the prime factors of h?
2, 239
Let y(i) = i + 4. Let p be y(8). Suppose 2*v = -0*n + 3*n + 128, -p = -3*n. What are the prime factors of v?
2, 5, 7
Let r(u) = -u**3 - 10*u**2 + u + 14. Let z = -31 + 21. Let v be r(z). Suppose i = -3*n - v + 42, -3*i = -5*n + 40. List the prime factors of n.
11
Let x be (-4 - 131) + 1*-2. Let n = -77 - x. List the prime factors of n.
2, 3, 5
Suppose 0 = 2*h - 2*n + 40, 3*h - 2*n + 58 = 3*n. What are the prime factors of (-1 + (-1)/5)/(h/770)?
2, 11
Suppose 0 = -f - 4, y + 2*f - 5*f = 41. Let q = 33 - y. Suppose -q*c - 252 = -4*m, -5*m + 345 = -0*m + 5*c. List the prime factors of m.
2, 3, 11
Let y(w) = w**3 - 5*w**2 + 5*w + 6. Let u be y(3). Suppose u*o + 143 - 1 = a, 4*o = 12. What are the prime factors of a?
151
Let d be ((-2)/(-1))/(2/(-128)). Let a = -54 - d. What are the prime factors of a?
2, 37
Let p(c) = -c**3 + 4*c**2 + 4. Let v be p(4). Suppose -40 = 3*f - 2*a - 3*a, -4*f - v*a - 96 = 0. Let l = f + 66. List the prime factors of l.
2, 23
Suppose 0 = 5*j + 5*h - 937 - 448, -3*j + 836 = 4*h. List the prime factors of j.
2, 17
Let h = -485 + 276. Let s = -100 - h. What are the prime factors of s?
109
Let o = -33 - -27. Let q be (22/8)/(o/(-48)). Suppose q = 5*r - 88. List the prime factors of r.
2, 11
Suppose -6*c = -3*c - 1224. List the prime factors of c.
2, 3, 17
Let l = -64 - -109. What are the prime factors of (l/20)/(4/16)?
3
Let d(y) = 104*y + 104. List the prime factors of d(5).
2, 3, 13
Let c(q) = 6*q**2 + 10*q - 91. List the prime factors of c(11).
5, 149
Let f(w) be the second derivative of -5*w**3 - 2*w**2 + 5*w. What are the prime factors of f(-3)?
2, 43
Suppose 8*x - 441 + 1 = 0. Suppose -h - 3*d = -6*d - x, -245 = -5*h + 5*d. What are the prime factors of h?
2, 23
Let b = 9 + -6. Suppose -u = -b*c - 5 + 4, 5*u - 2*c = 5. List the prime factors of 2/(u/(-12)*-2).
2, 3
Suppose n + 3*v - 64 = -3*n, 0 = 2*n - 4*v - 32. Let p be -1 - (3 - 0) - n. Let g = 39 + p. What are the prime factors of g?
19
Suppose 49*l + 3139 - 44348 = 0. What are the prime factors of l?
29
Suppose 13 = 4*d - 3. Suppose -35 = -d*w + n - 12, -3*w + 2*n = -16. Suppose -13 = -q + 4*z, 0*z + 2*z - w = 0. List the prime factors of q.
5
Suppose -3*l = 2*p - 19, 0*p + l + 17 = 4*p. List the prime factors of 30/9*252/p.
2, 3, 7
Let w = -4 - -7. Suppose -w*l = -2*t + 10, 3*t - 5*l - 10 = 3. Suppose -d = 5*g + 8, -4*d + t + 2 = 5*g. List the prime factors of d.
7
Suppose 4*v = 4*q - 68, -86 = 5*v - 2*q - 16. Let j be (2 - (-32)/v)*-3. Suppose -4*n + 38 = j*z, 3*z + 0*n = 5*n + 57. What are the prime factors of z?
19
Let k be (1 + -3)/((-8)/40). Suppose 8*l = k*l - 158. List the prime factors of l.
79
Let c(h) = -229*h + 17. List the prime factors of c(-2).
5, 19
Let w(n) = -38*n**3 - n**2 + 1. Let y(g) = 39*g**3 + g**2 - 1. Let f(t) = 4*w(t) + 5*y(t). What are the prime factors of f(1)?
43
Let v = 56 - 38. Let c(l) = -8*l - 4 + 2 + l**3 - 8*l + 0 - 8 - 17*l**2. What are the prime factors of c(v)?
2, 13
Suppose 0 = -52*a + 6906 + 7030. List the prime factors of a.
2, 67
Suppose 3*f - 4 + 16 = 0, 0 = -3*y + 2*f + 32. Suppose -y*j + 48 = -6*j. What are the prime factors of j?
2, 3
Suppose 52 = 2*a + 2. What are the prime factors of (-25)/a + 2/(4/86)?
2, 3, 7
List the prime factors of 20*-6*318/(-48).
3, 5, 53
Let x = 232 + 4886. What are the prime factors of x?
2, 3, 853
Suppose 5*v + 5 = 6*v + 3*j, 3*j - 7 = -2*v. Suppose -v*y + 5*h + 217 = 0, 5*y - 3*h = y + 441. List the prime factors of y.
3, 37
Let u = 111 - 56. What are the prime factors of -4 - u/10*-2?
7
Suppose -3*u = -24 - 0. Let h = 17 - u. Let b = 3 + h. What are the prime factors of b?
2, 3
Let o(t) = -10*t - 4. Let q be o(7). Let b = q - -135. What are the prime factors of b?
61
Let w(y) = 3 - 2 + y + y**2 - 6 + 4*y. Let i be w(-6). What are the prime factors of (27/5)/i*5?
3
List the prime factors of 1*(524 - (1 - 5)).
2, 3, 11
Let b = -140 + 510. List the prime factors of b.
2, 5, 37
Suppose 3*p = 4*l + 48, 3*p + 0*l + 2*l = 30. What are the prime factors of p?
2, 3
Let k = 19 - 22. List the prime factors of (-406)/(-8) - k/12.
3, 17
List the prime factors of 3405 - -7*120/(-84).
5, 7, 97
Let x(o) = -o**3 - 7*o**2 + 12*o + 5. Let s(m) = m**3 + 6*m**2 - 13*m - 5. Let p(b) = -6*s(b) - 7*x(b). What are the prime factors of p(-13)?
73
Suppose 0*a = -2*x + 2*a + 564, 1126 = 4*x - 2*a. Let c = x - 83. List the prime factors of c.
2, 3, 11
Let t = -22 - -33. Suppose b + 1 = t. What are the prime factors of b?
2, 5
Let s = -15 - -20. Suppose 13 = -s*c - 157. Let x = 81 + c. List the prime factors of x.
47
Let f = 798 + 406. What are the prime factors of f?
2, 7, 43
Let x(r) = -10*r - 13. Let t(z) = z**3 + z**2 - 2. Let h be t(0). Let v(k) = -k**2 + 4*k + 5. Let y be v(h). What are the prime factors of x(y)?
3, 19
Suppose 18 = 8*n - 2*n. Suppose -n*g + 8 = -5*g, 2*g + 28 = 4*y. Suppose -y*m = -2*r - 0*r + 85, -3*r - 2*m = -99. What are the prime factors of r?
5, 7
Let b = 527 - 301. What are the prime factors of b?
2, 113
List the prime factors of (-6 + 66/12)*-582.
3, 97
Let l(s) = -27*s - 2. Let q = -16 + 15. Let n be l(q). Suppose 0 = -2*b + r + n, -2*b + 3*r + 62 = 3*b. List the prime factors of b.
13
Suppose -11*u + 9*u = -4. Suppose u*l - 28 = -3*x + 2*x, 4*l = 2*x - 96. What are the prime factors of x?
2, 19
Let l(q) = 34*q**2 - 2*q + 7. What are the prime factors of l(-7)?
7, 241
Let z be 108/21 + (-3)/21. Suppose -116 = z*y - 951. List the prime factors of y.
167
Let v = -201 + 401. List the prime factors of v.
2, 5
Let r(z) = 3*z + 19. Let p be r(-13). Let s = p + 35. List the prime factors of (-288)/(-10) - (-3)/s.
29
Suppose 7684 = 2*b - 3*z, -5*b + 21114 = z + 1921. List the prime factors of b.
11, 349
Suppose -3*z + 546 - 24 = 0. Suppose 0 = 3*w - 3*r - 225, -3*w - 5*r + z = -27. List the prime factors of w.
2, 3
Suppose -2*v - 42 = v - 2*o, 0 = 4*v - 4*o + 56. Let i = v - -12. List the prime factors of ((-16)/(-12))/(i/(-12)).
2
Let z(x) be the first derivative of x**3/3 + 8*x**2 - 5*x - 87. Suppose -5*g = m + 19 + 5, -m - 18 = -g. What are the prime factors of z(m)?
2, 13
Suppose -9*f = -7*f - 404. List the prime factors of f.
2, 101
Let f(p) = p**3 - 6*p - 1 + 7*p + 5. Let j be f(5). Suppose s + 3*s - z = 171, -5*z + j = 3*s. List the prime factors of s.
43
Suppose 864*k - 862*k = 576. List the prime factors of k.
2, 3
Let s = 21 + -15. Let n be (s/4)/(1/(-10)). Let k = n - -21. List the prime factors of k.
2, 3
Let p(f) = -f**3 + 2*f**2 + 31*f - 49. List the prime factors of p(-15).
7, 11, 43
Let k = 8205 + -5695. What are the prime factors of k?
2, 5, 251
Suppose 9*q = 340 + 2063. List the prime factors of q.
3, 89
Suppose -2*j - 2 = -8. What are the prime factors of 12*5/6*j?
2, 3, 5
Let z(q) = 2*q + 28. Let w be z(-12). Suppose 0 = 3*c - 6, 2*c + 182 = w*n + c. What are the prime factors of n?
2, 23
Let p be (-39)/(-4) + 1/4. Let c = 196 + -143. Let y = c - p. What are the prime factors of y?
43
Suppose -4*g + 8 = 0, 13 = 4*c - 9*c + 4*g. Let x be (c - 3 - -1) + -35. Let s = x - -73. What are the prime factors of s?
5, 7
Let g = 6700 - 3551. What are the prime factors of g?
47, 67
Let l(o) = o**3 - 8*o**2 - 9*o - 12. Suppose 0 = -x - x + 20. List the prime factors of l(x).
2, 7
Suppose 0 = -l - l + 10. Suppose -2*p + l + 1 = 0. Let b(v) = 4*v**2 + 4*v + 5. What are the prime factors of b(p)?
53
Let j be (4